 when 253 is divided by 33.
22
What is the remainder when 101 is divided by 25?
1
What is the remainder when 84 is divided by 35?
14
Calculate the remainder when 671 is divided by 668.
3
Calculate the remainder when 3990 is divided by 1992.
6
Calculate the remainder when 282 is divided by 41.
36
Calculate the remainder when 391 is divided by 37.
21
Calculate the remainder when 1821 is divided by 24.
21
Calculate the remainder when 313 is divided by 126.
61
What is the remainder when 140 is divided by 25?
15
Calculate the remainder when 61 is divided by 14.
5
What is the remainder when 32 is divided by 17?
15
What is the remainder when 257 is divided by 75?
32
What is the remainder when 3186 is divided by 110?
106
Calculate the remainder when 17596 is divided by 7.
5
What is the remainder when 4555 is divided by 240?
235
Calculate the remainder when 170 is divided by 32.
10
Calculate the remainder when 18761 is divided by 53.
52
Calculate the remainder when 3620 is divided by 145.
140
What is the remainder when 375 is divided by 66?
45
Calculate the remainder when 4194 is divided by 16.
2
What is the remainder when 18 is divided by 7?
4
Calculate the remainder when 346 is divided by 13.
8
Calculate the remainder when 2437 is divided by 47.
40
Calculate the remainder when 995 is divided by 346.
303
Calculate the remainder when 280 is divided by 10.
0
What is the remainder when 915 is divided by 412?
91
Calculate the remainder when 169 is divided by 42.
1
What is the remainder when 59 is divided by 41?
18
What is the remainder when 1167 is divided by 16?
15
What is the remainder when 719 is divided by 19?
16
Calculate the remainder when 16 is divided by 8.
0
What is the remainder when 2340 is divided by 87?
78
Calculate the remainder when 19542 is divided by 28.
26
What is the remainder when 982 is divided by 141?
136
What is the remainder when 587 is divided by 10?
7
What is the remainder when 2254 is divided by 37?
34
Calculate the remainder when 4028 is divided by 29.
26
What is the remainder when 37881 is divided by 33?
30
What is the remainder when 2307 is divided by 154?
151
Calculate the remainder when 6 is divided by 1.
0
Calculate the remainder when 2942 is divided by 16.
14
Calculate the remainder when 217 is divided by 81.
55
Calculate the remainder when 119 is divided by 78.
41
Calculate the remainder when 209 is divided by 42.
41
What is the remainder when 142 is divided by 66?
10
Calculate the remainder when 10190 is divided by 40.
30
What is the remainder when 311 is divided by 74?
15
Calculate the remainder when 593 is divided by 17.
15
Calculate the remainder when 417 is divided by 131.
24
What is the remainder when 327 is divided by 74?
31
What is the remainder when 10923 is divided by 16?
11
Calculate the remainder when 148 is divided by 38.
34
Calculate the remainder when 38 is divided by 32.
6
Calculate the remainder when 109 is divided by 45.
19
What is the remainder when 341 is divided by 90?
71
Calculate the remainder when 131 is divided by 70.
61
What is the remainder when 37012 is divided by 93?
91
What is the remainder when 163 is divided by 24?
19
Calculate the remainder when 111 is divided by 99.
12
What is the remainder when 14 is divided by 11?
3
Calculate the remainder when 45 is divided by 23.
22
What is the remainder when 10 is divided by 1?
0
What is the remainder when 9486 is divided by 11?
4
What is the remainder when 194 is divided by 27?
5
What is the remainder when 175 is divided by 37?
27
Calculate the remainder when 179 is divided by 68.
43
Calculate the remainder when 231 is divided by 107.
17
What is the remainder when 384 is divided by 130?
124
Calculate the remainder when 73 is divided by 40.
33
Calculate the remainder when 7003 is divided by 23.
11
Calculate the remainder when 1304 is divided by 12.
8
Calculate the remainder when 294 is divided by 25.
19
Calculate the remainder when 1190 is divided by 1187.
3
Calculate the remainder when 2731 is divided by 2723.
8
Calculate the remainder when 644 is divided by 40.
4
Calculate the remainder when 482 is divided by 162.
158
Calculate the remainder when 753 is divided by 127.
118
Calculate the remainder when 170 is divided by 78.
14
Calculate the remainder when 193 is divided by 71.
51
Calculate the remainder when 272 is divided by 61.
28
Calculate the remainder when 113 is divided by 48.
17
What is the remainder when 54 is divided by 8?
6
Calculate the remainder when 360 is divided by 73.
68
What is the remainder when 188 is divided by 38?
36
Calculate the remainder when 88 is divided by 17.
3
Calculate the remainder when 27 is divided by 24.
3
What is the remainder when 102 is divided by 10?
2
What is the remainder when 95 is divided by 85?
10
What is the remainder when 3977 is divided by 27?
8
What is the remainder when 2856 is divided by 159?
153
What is the remainder when 1918 is divided by 38?
18
Calculate the remainder when 1317 is divided by 33.
30
What is the remainder when 322 is divided by 260?
62
Calculate the remainder when 28 is divided by 11.
6
Calculate the remainder when 3753 is divided by 85.
13
Calculate the remainder when 42 is divided by 5.
2
Calculate the remainder when 20 is divided by 17.
3
Calculate the remainder when 9293 is divided by 99.
86
What is the remainder when 6347 is divided by 18?
11
Calculate the remainder when 282 is divided by 17.
10
Calculate the remainder when 122 is divided by 10.
2
Calculate the remainder when 51 is divided by 9.
6
What is the remainder when 128 is divided by 11?
7
What is the remainder when 114 is divided by 9?
6
What is the remainder when 745 is divided by 182?
17
What is the remainder when 373 is divided by 19?
12
What is the remainder when 9588 is divided by 7?
5
Calculate the remainder when 39 is divided by 39.
0
What is the remainder when 139 is divided by 52?
35
Calculate the remainder when 2878 is divided by 712.
30
What is the remainder when 194 is divided by 18?
14
Calculate the remainder when 663 is divided by 206.
45
Calculate the remainder when 207 is divided by 33.
9
What is the remainder when 128 is divided by 27?
20
Calculate the remainder when 250 is divided by 68.
46
Calculate the remainder when 127 is divided by 13.
10
Calculate the remainder when 17 is divided by 8.
1
Calculate the remainder when 1363 is divided by 192.
19
Calculate the remainder when 831 is divided by 411.
9
What is the remainder when 396 is divided by 390?
6
Calculate the remainder when 1231 is divided by 417.
397
Calculate the remainder when 262 is divided by 44.
42
What is the remainder when 97 is divided by 11?
9
Calculate the remainder when 172 is divided by 79.
14
What is the remainder when 863 is divided by 9?
8
What is the remainder when 78 is divided by 25?
3
Calculate the remainder when 207 is divided by 49.
11
Calculate the remainder when 42 is divided by 18.
6
Calculate the remainder when 956 is divided by 288.
92
Calculate the remainder when 272 is divided by 94.
84
What is the remainder when 124 is divided by 14?
12
Calculate the remainder when 161 is divided by 61.
39
What is the remainder when 153 is divided by 4?
1
Calculate the remainder when 244 is divided by 16.
4
What is the remainder when 111 is divided by 14?
13
What is the remainder when 173 is divided by 56?
5
What is the remainder when 326 is divided by 22?
18
What is the remainder when 323 is divided by 4?
3
What is the remainder when 244 is divided by 62?
58
Calculate the remainder when 1828 is divided by 63.
1
Calculate the remainder when 213 is divided by 110.
103
Calculate the remainder when 76 is divided by 13.
11
What is the remainder when 426 is divided by 15?
6
Calculate the remainder when 106 is divided by 55.
51
What is the remainder when 159 is divided by 42?
33
What is the remainder when 457 is divided by 11?
6
Calculate the remainder when 10 is divided by 5.
0
What is the remainder when 125 is divided by 30?
5
What is the remainder when 15469 is divided by 170?
169
Calculate the remainder when 294 is divided by 71.
10
Calculate the remainder when 76 is divided by 11.
10
What is the remainder when 606 is divided by 32?
30
Calculate the remainder when 48 is divided by 23.
2
Calculate the remainder when 6958 is divi